s the tens digit of m?
0
What is the units digit of ((210448/(-12))/(-2))/((-705)/90 - -8)?
2
Suppose 3*c - d + 3*d = -7, -28 = 4*c - 2*d. What is the tens digit of (148/6)/(c/(-135)*3)?
2
Suppose -9 = -3*q - 0, -2*s + 2*q + 10 = 0. Let t(a) = 6*a + 20. What is the tens digit of t(s)?
6
Suppose -13*d + 8*d = 5*p + 5, -1 = -4*d + p. Suppose -4*m - b + 1548 = 0, -m + d*m - b = -384. What is the units digit of m?
8
Let g(s) = 933*s - 1444. What is the tens digit of g(14)?
1
Let r(h) = -h**3 - 8*h**2 + 10*h + 5. Let z be r(-9). Let l(p) = 16*p**2 + 7*p + 25. What is the hundreds digit of l(z)?
2
Suppose 27*q - 1218018 = -59*q. What is the hundreds digit of q?
1
Suppose -g + 2*k = -30783, -2*g - 22*k + 25*k + 61570 = 0. What is the ten thousands digit of g?
3
Suppose 4*y = -20, -g + 0*g = -2*y - 8. What is the tens digit of (g + -1 + -6)*4340/(-60)?
5
Let d(q) = 2*q - 3. Let z be d(-2). Let s be (-20)/(-6)*z/((-70)/12). Suppose -5*v + u + 69 = 0, 2*v + s*u - 60 = -2*v. What is the tens digit of v?
1
Let m = 21 + -24. Let s(k) = -4*k - 8. Let o be s(m). Suppose z - 4*z - o*g = -361, -2*g = -z + 107. What is the hundreds digit of z?
1
Let s(y) = 412*y**2 + 21*y + 65. What is the hundreds digit of s(-4)?
5
Suppose 0 = 117*p - 56*p - 319396. What is the thousands digit of p?
5
Let o be 4/8*14 - 1/(-1). Suppose o*n - 112 = -8. What is the units digit of 173 + n + -3 + 0?
3
Let d be ((-4)/(-5))/(4/2780). Suppose o - d = -202. What is the units digit of o?
4
Suppose 32*h - 37*h = 0. Suppose h = t - 356 + 45. What is the units digit of t?
1
Let d(r) = 204*r**2 + 1. Let c = -6 - -9. Suppose 8*j - 7 = 2*i + 3*j, -c*i + 2 = 5*j. What is the tens digit of d(i)?
0
Suppose -8*f - 2*f = -2030. Suppose -q + 5*g + f = 0, 3*q = q + 4*g + 436. What is the units digit of q?
8
Suppose f + 4712 = 3*z, 5*z - 4*z + 3*f = 1584. Suppose 3*q - 919 - 681 = -4*o, 3*o = 3*q - z. What is the units digit of q?
8
Let u = -176 - -36. Let k(y) = -y**3 + 4*y**2 + 10*y + 3. Let g be k(7). Let z = g - u. What is the tens digit of z?
6
Suppose 35*z - 31*z + 5*t = 20994, 2*z - 10500 = -2*t. What is the hundreds digit of z?
2
Let w = 74 + -66. Let v(c) = c**3 - 6*c**2 - 2*c - 6. What is the tens digit of v(w)?
0
Let z(r) = -r + 10. Suppose 5*f + 85 = 10*f. Let u be z(f). Let i = 10 + u. What is the units digit of i?
3
Let d(v) = -74*v**3 - 2*v**2 + v + 6. Let g(o) = -o**3 - 1. Let t(m) = -d(m) - 6*g(m). Let u(n) = -65*n + 4421. Let j be u(68). What is the tens digit of t(j)?
8
Let r be (-1)/(0 - 3/(-3)) + 0. Let n be (-3)/(-6) - ((-20)/8 + r). Suppose -n*j + 6*j - 182 = 0. What is the units digit of j?
1
Let h(b) = -b**3 - 6*b**2 + 12*b - 2. Let v be (-17)/(-51) + 82/6. Suppose 11*p - 24 = v*p. What is the units digit of h(p)?
0
Suppose -3*s - 623 - 256 = 0. Suppose 4*q - 159 = k, 4*k + 652 = q - 14. Let c = k - s. What is the hundreds digit of c?
1
Let b = -63 - -32. Let z = 103 + b. Let h = 175 - z. What is the tens digit of h?
0
Suppose -3*q + 107609 = -34*j + 33*j, -71751 = -2*q + 3*j. What is the ten thousands digit of q?
3
Let w = 6047 + -2909. What is the thousands digit of w?
3
Let v = 133 + -51. Let y = v + -77. Suppose -426 = -y*x + 524. What is the tens digit of x?
9
Suppose -3*n + 5*n = 5*f + 269, 2*f + 5*n + 96 = 0. Let a = f + 54. Suppose -d + 159 = 2*p, -3*p - 2*d + 239 = a. What is the units digit of p?
0
Let y = -1930 + 4746. Suppose 0 = -45*s + 41*s + y. What is the tens digit of s?
0
Suppose 202827 + 930766 = 47*q. What is the thousands digit of q?
4
Suppose r - 2*r + 39485 = 4*r. What is the tens digit of r?
9
Let r = 6068 + -263. Suppose 2*q - r = -7*q. What is the tens digit of q?
4
Let v(w) = 7*w**2 - 5*w + 1. Let n be v(2). Let l(q) = -10*q - 2. Let b be l(-1). Let g = n + b. What is the tens digit of g?
2
Suppose 0 = -4*n - 2*n + 12. Suppose 0 = -3*d + n*d + 19. Suppose -d - 25 = -x. What is the units digit of x?
4
Let v(n) = -12*n**3 - 14*n**2 - 85*n - 1650. What is the units digit of v(-16)?
8
Let m = -33672 + 34470. What is the units digit of m?
8
Suppose 5*a = -242 + 347. Suppose a*z + z = 26048. What is the thousands digit of z?
1
Let c(b) = -3*b + 2. Let r be c(4). Let v = r + 91. Suppose 3*y = 3*f + v, -3*y - 6*f + 2*f + 88 = 0. What is the tens digit of y?
2
Let i = -2 + 226. Let t(p) = 24*p - 9. Let o be t(-5). Let c = o + i. What is the tens digit of c?
9
Suppose -7*v - 18 = -9*v. Suppose -v*j = -3*j - 384. Suppose j = 2*r + 48. What is the units digit of r?
8
Suppose 3*o - 4*o = -2. Suppose 3*k + 4 = -3*u + 13, 0 = o*k - 2*u + 10. What is the units digit of 2*k/2 + 83?
2
Suppose -s = 342*h - 339*h - 4397, 3*s - 13215 = -3*h. What is the hundreds digit of s?
4
Let c(k) = -k**3 - 7*k**2 - 2*k - 14. Let z be c(-7). Let f be -1 + 6 + -2 + (z - 0). Suppose 6*w + f*w = 1125. What is the hundreds digit of w?
1
Let m = -45937 + 71409. What is the thousands digit of m?
5
Let d = 31184 + -20478. What is the thousands digit of d?
0
Let q(d) = -d**2 + 12*d - 9. Let a be q(11). Let g be (1 - a)/(20/(-22420)). Suppose 0 = -6*z - 59 + g. What is the tens digit of z?
7
Let s be (-9*1/1)/(11 - (-210)/(-15)). Let n = 815 + 44. Suppose 273 = g - 0*g + 4*j, -2*j + n = s*g. What is the hundreds digit of g?
2
Suppose 0 = 21*p - 18*p - 6, -3*c - 3*p = -21129. What is the units digit of c?
1
Let k = 35088 - 4783. What is the thousands digit of k?
0
Let t = 107 - 105. Suppose -t*s = -0*s - q - 144, -4*s - q + 282 = 0. What is the units digit of s?
1
Let h be -2 + (-27)/3 + 5. Let b(r) = 5*r**2 + 9*r + 10. What is the tens digit of b(h)?
3
What is the units digit of (-21)/(-14)*20/(-6) + (49830 - -5)?
0
Let z be (3/(-2))/(18/48). Suppose 30*n = 396 + 84. What is the units digit of (4 - 5)*1000/(n/z)?
0
Suppose 9 = -2*s + 3*h, -2*s - h = s + 8. Let u(x) = -11*x**3 - x**2 - 8*x - 4. What is the tens digit of u(s)?
0
Suppose 567*i - 2*z + 18200 = 569*i, 6*i + z = 54580. What is the thousands digit of i?
9
Let s be (-1980)/5 - (-10)/2. What is the hundreds digit of 1*5 - (s + 34)?
3
Let l = -3287 - -5335. What is the thousands digit of l?
2
Suppose 2*t - 119 = -15*t. Suppose t*d = -0*d - 70. What is the units digit of d/(-5) - -2*59?
0
Let g(k) = -k**3 + 14*k**2 - 15*k + 28. Let c be g(13). Let v be 1*c + -1*(-4 - -264). Let b = v - -512. What is the hundreds digit of b?
2
Suppose -1641 = -10*w + 4609. Let f = w + -411. What is the units digit of f?
4
Suppose 0 = -j + 10*b + 4277, 10*b - 13*b = -j + 4270. What is the tens digit of j?
6
Suppose -801148 = 12*o - 79*o + 842831. What is the ten thousands digit of o?
2
Suppose 6*j = -2*t + 18108 - 3032, 2*j - 30222 = -4*t. What is the tens digit of t?
5
Suppose 76 = 2*v - 0*v. Let y = v + -33. Suppose 4*g = y*q - 201, 4*q - g + 56 - 208 = 0. What is the units digit of q?
7
Suppose -3*q - 2*q - 18 = -f, f = -3*q - 6. Let c(x) = -41 + 3*x**3 + 5*x**2 + 38 - 4*x**3 + 5*x. What is the tens digit of c(f)?
3
Suppose -3*k - q = 3042, -k - 7*q + 9*q = 1014. What is the hundreds digit of 8/(-6)*10/40*k?
3
Suppose -20*f + 111*f - 354354 = 0. What is the tens digit of f?
9
Let b be (8/(-2))/4*59/(-1). Suppose b*r - 10 = 64*r. What is the hundreds digit of (-1 + -61)/(r/4)?
1
Suppose -q + 0*y = y + 50, 138 = -3*q + y. Let l(f) = -4*f - 12. Let u be l(5). Let c = u - q. What is the tens digit of c?
1
Suppose -18127 = -76*y + 104841. What is the hundreds digit of y?
6
Suppose -9 = -q - u, -21 - 16 = -3*q + 2*u. Suppose -2*f = v - 1261, -q*f + 8*f - 4*v = -1894. What is the hundreds digit of f?
6
Let s = -966 + 678. What is the units digit of (1 + s/(-20) - 3)*20?
8
Suppose 2*d - 16 = -0*g - 3*g, 0 = -4*g + 8. Suppose d*u - 391 - 1474 = 0. What is the hundreds digit of u?
3
Let o(j) = -3*j - 24. Let r be o(-8). Suppose -b + 1534 = -r*b - 4*v, -5*b + 7754 = v. What is the hundreds digit of b/20*(-8)/(-5)?
1
Let m = -10 + 7. Let z = 13 + m. Suppose -2*f = 5*p - 223, -2*f = -z*p + 5*p + 227. What is the units digit of p?
5
Suppose 28*p = -2*k + 32*p + 18, 2*k - 2*p - 14 = 0. What is the units digit of ((7360/56)/k)/(4/14)?
2
Suppose -2*t = 3*o - 105961, -65*t + 105921 = 3*o - 68*t. What is the units digit of o?
5
Let m be (36 - 6)/5 - -10. Suppose 9*t + 6468 = m*t. What is the units digit of t?
4
Suppose -1662 = 3*g - 9402. Suppose -8*u + g = -2*u. W